e the first derivative of 7*v**3/3 - v + 16. Give i(2).
27
Suppose 3*a = 20*a - 221. Let f(p) = p**2 - 14*p + 15. What is f(a)?
2
Let m(k) = -k**3 - 30*k**2 - 65*k - 257. Let f be m(-28). Let o(y) = -y**3 - 5*y**2 - 4*y + 4. What is o(f)?
24
Let k(x) = -2*x + 5. Let u(m) = -4*m + 9 + 11*m - 114*m**2 + 116*m**2. Let c be u(-3). Give k(c).
-7
Suppose -i = -3*w - 52, 6*i - w = 2*i + 197. Suppose 7*y = 14 + i. Let d(z) = -3 + y*z - 3*z - 2*z + 2. Calculate d(-1).
-5
Let s(m) = 2*m**2 + 18*m + 18. Let f be s(-8). Let u(l) = l**3 + 426*l - 4*l**f - 7 + 11*l**2 - 422*l. What is u(-5)?
23
Let x(z) = -1 + z**3 - 3*z**3 + z**2 - 7*z**2 - 7*z + z**3. Let j be (20/(-6))/(-6 - 120/(-18)). What is x(j)?
9
Let x(p) = p + 1. Let c = -9 - -9. Let m be -1 + c + 6 + -10. What is x(m)?
-4
Let z(i) = i. Suppose -17*d - 64 = -13*d. Let f = -8 - d. Suppose -5*y + 0*y + 4*k = f, -3*y - 3 = -3*k. Determine z(y).
-4
Let f(u) = 6*u + 2*u - 12*u + 2*u**2 + 0*u - 1 - u**2. Determine f(5).
4
Let d(y) = -y**3 - 12*y**2 - 14*y + 3. Let j = -419 - -408. Give d(j).
36
Let z(c) = -11*c - 7. Let p(w) = -w. Let b(k) = -3*p(k) + z(k). Let r(l) = 7*l + 6. Let x(f) = -6*b(f) - 7*r(f). Let m(j) = j - 1. Let g be m(5). What is x(g)?
-4
Let o(u) = -5*u. Let v(z) = 45*z. Let a(n) = 35*o(n) + 4*v(n). Determine a(-1).
-5
Let s(w) = -3*w - 1. Let l(i) = i**3 + 5*i**2 + 3*i - 6. Let q be l(-4). Give s(q).
5
Let q(x) = 18*x + 7*x**3 - 45*x + 17*x + 2*x**2. Let s(t) = 15*t**3 + 4*t**2 - 21*t. Let j(m) = -13*q(m) + 6*s(m). Calculate j(-3).
-3
Let v(o) = -35*o + o**2 + 72*o + 1 - 35*o. Let x(t) = 4*t**2 + 18*t - 4. Let h(w) = -5*v(w) + x(w). Calculate h(6).
3
Suppose -3*i + 10 = 2*g - 6*g, -2*i + g + 5 = 0. Let v(y) = 18*y + 2. Calculate v(i).
38
Let n(w) = w + 2 - 1 - 1. Give n(-6).
-6
Let x(i) = i**3 - 37*i**2 - i + 22*i**2 + 1 + 8*i**2. Calculate x(7).
-6
Let v(n) = -10*n**3 - 14*n**2 + 17*n + 24. Let i(x) = 3*x**3 + 5*x**2 - 5*x - 8. Let g(q) = 7*i(q) + 2*v(q). Give g(-7).
-1
Let y(q) be the second derivative of -q**4/12 + 4*q**3/3 + 13*q**2/2 + 9*q. Let h be y(9). Let x(n) = -n**3 + 3*n**2 + 2*n - 3. Give x(h).
-11
Let b(j) = j**2. Let q be b(-2). Suppose 6*c + q = 10*c. Let z be c/7 + 78/42. Let y(p) = p**3 - p**2 - p - 2. Calculate y(z).
0
Let p = -277 + 280. Let t(b) = 14*b - 1. What is t(p)?
41
Let a be -3*(-1 + (-2 - -2)). Let i(u) be the first derivative of u**2 + 5*u + 52. Let z(g) = g + 2. Let h(k) = a*i(k) - 7*z(k). Calculate h(-3).
4
Let k(a) = -3*a**3 - 6*a**2 - 5*a - 12. Let u(i) = 5*i**3 + 9*i**2 + 10*i + 23. Let v(p) = -7*k(p) - 4*u(p). Give v(-6).
22
Let g(m) be the first derivative of m**3/3 - m**2/2 - 4*m - 4. Let c = -30 + 18. Let y be (9/12)/(-3)*c. Give g(y).
2
Let h = -60 - -64. Suppose h*a = 6*a + 2. Let s(r) = -5*r**3 - r**2 - r. Calculate s(a).
5
Let u(c) = -65*c - 3 + 124*c - c**2 - 64*c + 9. Let d be 66/(-14) + (-2)/7. What is u(d)?
6
Let g(x) = x**3 + 7*x**2 - 45*x - 102. Let y be g(-2). Let t(l) = l**3 + 2*l - l + 0 - 8*l**2 - 9. What is t(y)?
-1
Let g(h) = -h**3 - 4*h**2 + h + 4. Let o = 176 - 180. Determine g(o).
0
Let g(a) = -2 - a + 4 + 6*a + a**3 + 4*a**2. Let r = 212 + -215. Calculate g(r).
-4
Let n = 38 + -31. Suppose 7 = -6*w + n*w. Let s(k) = -k - 1. Give s(w).
-8
Let i(j) be the first derivative of -j**4/4 + j**3/3 - j**2/2 + j + 88. Give i(0).
1
Let r(h) = -13*h + 4. Let d be r(0). Let c(s) = -s**3 + 4*s**2 - 3*s - 2. Calculate c(d).
-14
Let g(c) = c**2 - 9*c - 13. Let r = 168 + -158. Calculate g(r).
-3
Let v(r) = 2*r. Let x be v(6). Let n be x/(-5) + 3 - (-28)/(-5). Let g(m) = -m**3 - 5*m**2 - m - 1. Determine g(n).
4
Suppose 21*w = 60 + 3. Let z(u) = 2*u. Calculate z(w).
6
Let s(m) = -m**3 - 4*m**2 + m - 3. Suppose f - 2*r + 55 = 0, 0 = 3*f + 4*r - 6*r + 161. Let y = 50 + f. Determine s(y).
-15
Let n be 5/7 - 10/(-35). Let t(m) = -m**3 - 2*m**2 + 1. Calculate t(n).
-2
Suppose -2*t - 14 = -4. Let b be 1*(-5)/((-10)/6). Let k(d) = -4*d + d**b - 8*d**2 + d + 13*d**2 + 2*d + 3. What is k(t)?
8
Let a(j) be the third derivative of 1/12*j**4 + 13*j**2 - 1/6*j**3 + 0 - 1/60*j**5 + 0*j + 1/40*j**6. Calculate a(1).
3
Let l be 3/2*(14/6 - 1). Let y = 18 + -11. Let u(w) = -4 + y - l*w**2 + w + w + 0*w**2. Calculate u(-2).
-9
Let f(j) = j**3 + 18*j**2 - 19*j - 7. Suppose 46*i - 504 + 1378 = 0. Calculate f(i).
-7
Let d = -3 + 5. Let g be (-3 + d)/(-1)*6. Let i(y) = 3*y**2 + 3 + 2*y**2 - g*y**2 + 3*y. Give i(5).
-7
Suppose 0 = 3*v - 5*b + 2, -4*v = -3*b + 9 + 1. Let z(s) = 18*s - 9. Let n(w) = 47*w - 20. Let y(r) = -2*n(r) + 5*z(r). Calculate y(v).
11
Suppose -12*h + 39 = h. Let d(m) be the second derivative of 4*m + 0 + 1/2*m**2 - m**h. Determine d(2).
-11
Let q(s) = 3*s**2 + 1. Let c be q(-1). Let d(r) be the first derivative of -r**3/3 + 2*r**2 - 3*r - 647. Give d(c).
-3
Let v(w) = -13 - 47 + 32 + w + 32. Let s = -24 - -53. Let b be s/(-9) + 2/9. Give v(b).
1
Let a(k) = -k**3 - 6*k**2 + 5*k - 9. Let w(j) = j**3 + 6*j**2 - 15*j + 7. Let y be w(-8). Let l be (y/1*1)/((-35)/(-245)). Give a(l).
5
Let f(c) = -296*c**3 + 8*c**2 - 11*c + 5*c + 10 + 149*c**3 + 148*c**3. Give f(-9).
-17
Let k be (-2)/(-10) + -2 + 58/10. Let m(q) = k - 3*q + q + 5. Determine m(7).
-5
Let l(u) = -u**2 - 2*u - 1. Suppose -4*t - 160 = 6*t. Let m = t - -12. Give l(m).
-9
Let v be (1 - (-25)/(-15))/(24/(-3)). Let u(g) be the second derivative of -5*g**2 - 10*g + 0*g**3 + 0 + v*g**4. Determine u(0).
-10
Let a(x) = 0*x**2 + 2 - 4 - x**2 + 2*x**2. Let n be a(0). Let f(j) = -7*j - 2. Give f(n).
12
Let w(g) be the second derivative of -g**5/20 - g**3/3 + 3*g**2/2 - 261*g + 1. Give w(2).
-9
Suppose -11*w = 131 - 76. Let h(o) be the third derivative of -o**6/120 - o**5/12 - o**4/6 + o**3/3 + 2*o**2. Calculate h(w).
22
Let x = -12196 - -12194. Let w(t) be the second derivative of t**3 + 3*t**2/2 - t. Calculate w(x).
-9
Suppose -5*m - 15 = 0, 8*v - 21 = 5*v + 5*m. Let n(o) = -3*o**3 + 0*o**3 - 3*o - 3*o**2 - 1 + v*o**3. Give n(-2).
1
Let s(w) = 2*w**3 + 6*w**2 + 3*w + 5. Let j be 40/(-12) + (-56)/21 + 2. What is s(j)?
-39
Let t(h) = 15*h**2 - h**3 + 0*h**3 + 24*h - 8*h**2 - 31*h - 1 + 2. Determine t(5).
16
Let n(o) = -7*o - 1. Let c(z) = 40*z + 10. Let k(s) = -c(s) - 6*n(s). Let f be 74/14 - (-4)/(-14). What is k(f)?
6
Let x(a) be the second derivative of -a**4/4 - a**2 - 129*a. Give x(-3).
-29
Let q(g) be the second derivative of g**4/12 - g**3/2 + 4*g**2 - 3*g + 13. Calculate q(5).
18
Let g be (-19)/(-7) - (-4)/14. Let b(n) = -n**3 - 5*n**2 - 7*n - 12. Let d be b(-4). Let h(c) = d*c + 4*c - 5 - 8*c + g*c. Determine h(-6).
1
Let p(h) = -h - 52*h**2 - 52*h**2 - 52*h**2 - h**3 + 153*h**2. Suppose 3*i - 4*y = -6, 4 = -2*i - 0*i - 5*y. Give p(i).
-2
Let x(t) be the third derivative of -t**4/24 - 2*t**3/3 - t**2. Let v be 0/(-4) + -3 + (10 - 9). Give x(v).
-2
Let t(u) = -u**3 - 6*u**2 + 7*u + 9. Let z be t(-7). Let v = z + -7. Let s(n) = 8*n + 0 - 8 + 2*n**v - 6*n**2 + 3*n**2. Calculate s(6).
4
Let d(t) = t**2 - t. Suppose 0 = 5*q - 7*q. Suppose 4*f + 4*h = q, 0*f = -f - 5*h + 8. Give d(f).
6
Let b(h) = -5*h. Suppose 7*a + 5 = 8*a. Suppose 0 = -4*s + 5*o + 6, -a*o = -3*s - 2*o + 3. Determine b(s).
5
Suppose 0 = 14*a + 37*a + 867. Let s(z) = 5*z + 87. Calculate s(a).
2
Let f(o) be the second derivative of 5*o**3/6 - o**2 - 338*o. What is f(-5)?
-27
Let p be (-3)/(-5) + (-49)/(-35). Suppose -3 = p*m - 3*m. Let o(c) = 4*c**2 - 4 + 25*c - m*c**2 - 22*c. Calculate o(-5).
6
Let p(x) = -x**2 + 4*x - 4. Let u = -140 - -144. Determine p(u).
-4
Let k(s) = -s**3 + 19*s**2 - 17*s - 18. Let v be k(18). Suppose -2*f + x - 3*x - 8 = v, 0 = -3*f + 2*x - 17. Let p(a) = a**2 + 5*a. Give p(f).
0
Let s be 38/(-95) - (2 - 9/(-15)). Let n(b) = b**2 + b + 6. Determine n(s).
12
Let f(z) = z - 6. Let m(t) be the first derivative of -t**2/2 + 10*t + 16. Let a be m(5). What is f(a)?
-1
Let r(y) = y**3 + 5*y**2 + y - 3. Suppose 0 = -0*n - 2*n + 6. Let b(a) = 5 + 0*a + 8 + n*a. Let k be b(-6). Give r(k).
-8
Let z be 1/(-3 + 15/6). Let r(y) = -5 - 1042*y**3 + 4 + 1043*y**3 + 0*y**2 - 2*y + 4*y**2. Determine r(z).
11
Let q(a) = -3*a + 2. Let c(x) = x + 1. Let h be (-6)/12*4/2. Let p be c(h). Suppose p*o - 4 = o. Calculate q(o).
14
Let c be (2 - 30/16)/((-7)/(-56)). Let l(d) = -6*d**3 - d - d**2 + d**2. What is l(c)?
-7
Let d(g) be